he highest common factor of 310 and 3832195?
5
Calculate the highest common factor of 2563 and 1871456.
233
What is the greatest common factor of 141811812 and 2216?
1108
Calculate the greatest common factor of 189396449 and 11.
11
What is the highest common factor of 227 and 139991?
1
Calculate the greatest common divisor of 20992448 and 1600.
64
Calculate the highest common divisor of 3289 and 667703179.
3289
Calculate the highest common factor of 371535123 and 873.
291
What is the greatest common factor of 5671900 and 1300?
1300
Calculate the greatest common factor of 113743513 and 481.
481
What is the greatest common divisor of 4447652 and 44?
44
Calculate the greatest common divisor of 20078824 and 12524.
124
Calculate the highest common factor of 3621184 and 12096.
448
What is the highest common divisor of 755 and 42778753?
151
What is the greatest common divisor of 6267 and 31727732?
2089
What is the highest common divisor of 310 and 4466914?
62
Calculate the greatest common factor of 1545876 and 3432.
12
What is the greatest common factor of 28 and 24711806?
14
What is the highest common divisor of 9867 and 71093?
253
Calculate the highest common factor of 5181 and 60621.
33
Calculate the greatest common factor of 3908 and 47835874.
1954
What is the greatest common divisor of 234116 and 96272?
2188
Calculate the greatest common factor of 12126 and 44409454.
4042
What is the greatest common divisor of 111333 and 9263283?
1887
What is the highest common divisor of 1416350699 and 41?
41
Calculate the highest common factor of 1030091304 and 4262.
4262
Calculate the greatest common divisor of 1142848066 and 2494.
2494
Calculate the greatest common factor of 13633033 and 41.
41
What is the greatest common divisor of 15311672 and 24?
8
Calculate the greatest common factor of 65 and 38627043.
13
Calculate the greatest common divisor of 214019 and 295425.
1313
Calculate the greatest common factor of 16524 and 387.
9
Calculate the greatest common factor of 71582533 and 11.
11
What is the greatest common factor of 1615 and 81831404?
323
Calculate the highest common factor of 43748 and 67.
1
What is the greatest common factor of 825715 and 44?
11
What is the highest common divisor of 7063378 and 182?
14
What is the highest common divisor of 10465818 and 99?
33
Calculate the greatest common factor of 8247035 and 37280.
1165
Calculate the highest common divisor of 37586800 and 400.
400
What is the greatest common divisor of 33304665 and 15?
15
What is the highest common factor of 108710 and 133?
7
What is the highest common divisor of 79036308 and 546?
78
What is the highest common divisor of 94918440 and 15?
15
Calculate the greatest common divisor of 1141221 and 6698.
197
What is the highest common factor of 26510675 and 10?
5
What is the highest common factor of 4138257 and 228?
57
What is the greatest common factor of 1853142 and 174?
6
Calculate the highest common factor of 15481 and 2673241.
113
What is the greatest common factor of 1709403689 and 2828?
707
Calculate the highest common divisor of 343 and 40259443.
7
What is the highest common factor of 52544 and 13128?
8
What is the greatest common divisor of 23624610 and 164?
82
Calculate the greatest common factor of 140566 and 5442212.
2098
What is the highest common factor of 27025 and 1484213?
1081
What is the greatest common factor of 120 and 18015?
15
Calculate the highest common divisor of 6830641 and 6683.
41
What is the greatest common divisor of 39104 and 400960?
64
What is the greatest common factor of 149368 and 1444?
4
What is the highest common divisor of 18595912 and 274600?
10984
What is the highest common factor of 584743 and 1108769?
547
Calculate the greatest common divisor of 20 and 1042931740.
20
Calculate the greatest common factor of 1589397 and 313017.
3039
Calculate the highest common divisor of 205359 and 14348587.
1397
Calculate the greatest common divisor of 257299 and 2419.
59
What is the greatest common divisor of 10894041 and 117?
9
Calculate the highest common factor of 612195 and 5595.
15
Calculate the greatest common factor of 15370 and 7060.
10
Calculate the greatest common factor of 138131 and 29664337.
2819
Calculate the greatest common factor of 360 and 7278435.
45
What is the greatest common divisor of 131960 and 2827243?
3299
Calculate the highest common factor of 70 and 228175010.
70
What is the highest common factor of 19 and 1451657114?
19
Calculate the greatest common factor of 6676839 and 585.
117
Calculate the greatest common divisor of 8496 and 57976704.
8496
Calculate the greatest common factor of 78 and 160245046.
26
What is the highest common divisor of 25248640 and 60?
20
What is the greatest common factor of 38475 and 483550?
475
What is the highest common factor of 10101 and 21172473?
777
What is the highest common factor of 5466664 and 94?
94
Calculate the highest common divisor of 845662 and 2014438.
1546
Calculate the highest common factor of 205104 and 17328.
48
What is the highest common divisor of 72 and 30158088?
24
What is the highest common divisor of 1825 and 654025?
25
What is the greatest common divisor of 13802910 and 50691?
831
What is the greatest common factor of 39574509 and 26?
13
Calculate the greatest common factor of 479 and 23199.
1
What is the greatest common factor of 66004 and 7035685?
569
What is the greatest common factor of 10761031 and 1623?
541
What is the highest common factor of 5670197 and 689?
13
Calculate the greatest common factor of 90237150 and 11580.
5790
What is the highest common factor of 12100 and 158300?
100
Calculate the greatest common divisor of 453150 and 1539.
171
Calculate the highest common divisor of 2379745 and 445.
5
Calculate the highest common divisor of 294164 and 219206.
26
What is the highest common factor of 1893585 and 615?
615
What is the highest common factor of 4365 and 6637860?
45
Calculate the greatest common factor of 3488485 and 299.
13
Calculate the greatest common factor of 143 and 930153653.
143
Calculate the greatest common factor of 259674 and 139668.
678
What is the highest common factor of 2925 and 2094066?
117
Calculate the greatest common divisor of 38 and 97145309.
19
What is the highest common divisor of 49091 and 133?
7
Calculate the greatest common factor of 24486660 and 19072.
596
What is the highest common factor of 96167477 and 518?
259
What is the greatest common divisor of 1467000 and 14996?
652
Calculate the greatest common divisor of 924 and 115302.
66
Calculate the greatest common divisor of 5 and 60649445.
5
What is the highest common divisor of 107114 and 939428?
98
Calculate the greatest common divisor of 21247155 and 255.
15
Calculate the highest common factor of 13275690 and 3.
3
What is the greatest common factor of 10410957 and 648?
27
What is the highest common factor of 42 and 577176?
6
What is the highest common divisor of 351 and 542763?
117
Calculate the greatest common factor of 265 and 27543570.
265
What is the highest common factor of 40 and 105500180?
20
What is the greatest common divisor of 53302630 and 141910?
6170
Calculate the greatest common divisor of 1369 and 26045.
1
What is the highest common divisor of 1958645 and 52650?
65
What is the greatest common divisor of 537 and 6230011407?
537
Calculate the greatest common divisor of 1934 and 26036475.
967
Calculate the greatest common divisor of 16698 and 4636962.
726
Calculate the highest common divisor of 5418 and 1733416.
86
What is the highest common factor of 1830968 and 239224?
136
What is the greatest common divisor of 82149 and 39059?
139
Calculate the highest common divisor of 17728026 and 1026.
114
Calculate the highest common divisor of 488 and 181193485.
61
What is the greatest common divisor of 431484 and 28425324?
10524
Calculate the highest common factor of 6044928 and 2108.
68
What is the greatest common divisor of 15648073 and 1049216?
8197
What is the greatest common divisor of 184674 and 9093?
21
What is the greatest common factor of 268 and 13645823?
67
Calculate the highest common divisor of 494 and 6855694.
38
Calculate the greatest common divisor of 84540296 and 29180.
5836
What is the highest common factor of 13786 and 352294337?
6893
What is the highest 